020211 + -1?
-1002201111020212
In base 6, what is 244434 + -153320?
51114
In base 11, what is -12 + -5224796?
-52247a8
In base 8, what is -166 - -242077?
241711
In base 14, what is -6d + 6972a5?
697236
In base 5, what is -1000 + -20323330?
-20324330
In base 2, what is -111110100001001 - 1001100?
-111110101010101
In base 6, what is 5534000 - 354?
5533202
In base 16, what is -11c5 + 3262b?
31466
In base 6, what is 3543550254 - 5?
3543550245
In base 12, what is -2384 + -126b?
-3633
In base 6, what is 101205311 - -24?
101205335
In base 16, what is 124 - 8df6?
-8cd2
In base 6, what is 1105555 + 5124?
1115123
In base 6, what is 130 + 21122152?
21122322
In base 14, what is -9601994 + -5?
-9601999
In base 15, what is -313b - -41?
-30ea
In base 4, what is 322203200 + 11?
322203211
In base 3, what is -2220112 + -11011000211?
-11020221100
In base 11, what is 272336578 + -1?
272336577
In base 13, what is -20969 - ac4?
-21760
In base 8, what is -116236 - -2737?
-113277
In base 10, what is 4875181 + 223?
4875404
In base 6, what is -104521 - -40145?
-24332
In base 11, what is 7a39635 + -7?
7a39629
In base 7, what is -132 - 4533354?
-4533516
In base 6, what is 10450322 - -431?
10451153
In base 4, what is 3 + -11001003312233?
-11001003312230
In base 11, what is 8 - 7784459?
-7784451
In base 14, what is 6 + -239792?
-23978a
In base 6, what is 15 + 51002202?
51002221
In base 15, what is -5 + -68a77ab?
-68a77b1
In base 12, what is -1bb + -b0a67?
-b1066
In base 12, what is -4a9 + 39085?
38798
In base 14, what is 3 - 68b29?
-68b26
In base 11, what is -387aaa8 - -4?
-387aaa4
In base 4, what is 12 - 221022012102?
-221022012030
In base 4, what is -2 - 232122111101?
-232122111103
In base 6, what is 333 + 321505?
322242
In base 15, what is 5754c - 4?
57548
In base 2, what is 11101 + 11001011001110011011?
11001011001110111000
In base 16, what is -62db7 + 5?
-62db2
In base 13, what is -685095 + -5?
-68509a
In base 3, what is 2202211200 - 101?
2202211022
In base 11, what is -4 - -34180950?
34180947
In base 3, what is 200212212221 + 1101122?
200221021120
In base 13, what is -117 + 5267a4?
52668a
In base 8, what is -3247413 + -7?
-3247422
In base 14, what is -198d4736 - 0?
-198d4736
In base 15, what is -1c9 - -4405?
422b
In base 10, what is -2 + 52798?
52796
In base 2, what is 111000101 - 10000110?
100111111
In base 13, what is -222c5 + 1?
-222c4
In base 16, what is -34bea38 + -2?
-34bea3a
In base 6, what is 1542 + -4101520?
-4055534
In base 11, what is 3 - -1234684?
1234687
In base 10, what is -224 - -29816?
29592
In base 7, what is 650153365 - 0?
650153365
In base 13, what is 26 - 11ac38?
-11ac12
In base 16, what is -b75 + f3d?
3c8
In base 4, what is -2111012201202 + -10?
-2111012201212
In base 5, what is 23 + 43342043?
43342121
In base 5, what is 24212202 - -4022?
24221224
In base 10, what is -113812930 + -1?
-113812931
In base 4, what is 10 + -202313213?
-202313203
In base 3, what is 0 - -22122221000211?
22122221000211
In base 4, what is -1123 - -200022130?
200021001
In base 7, what is 22 + -134304556?
-134304534
In base 4, what is 103 + 1122132121?
1122132230
In base 12, what is -42b81708a - -1?
-42b817089
In base 13, what is 300167 + -1?
300166
In base 3, what is -121021112001012211 - 20?
-121021112001020001
In base 16, what is -4 - -137dc12?
137dc0e
In base 13, what is 1811c + -1291?
16b5b
In base 3, what is -2111102010021020 + 1?
-2111102010021012
In base 5, what is 3130034 - 1?
3130033
In base 6, what is 15405311101 - -3?
15405311104
In base 15, what is 23bc + 3a2?
276e
In base 16, what is 182 - ef6?
-d74
In base 14, what is 3 - 1085501?
-10854dc
In base 7, what is -3230162 + -65?
-3230260
In base 10, what is -45821643 + -5?
-45821648
In base 12, what is 92 + 1b704?
1b796
In base 16, what is -6 + -2c1eb5?
-2c1ebb
In base 4, what is -22 + 1111301021?
1111300333
In base 9, what is 18 + 1373740?
1373758
In base 12, what is -71291 - 61a?
-718ab
In base 4, what is -3 - -200100313033?
200100313030
In base 16, what is -5 - -3566a3?
35669e
In base 11, what is 40854 - -324?
41078
In base 13, what is 1b7 - 8606?
-841c
In base 7, what is 22354 - -1000?
23354
In base 5, what is -210100 - -24330?
-130220
In base 11, what is 125236 + -11?
125225
In base 3, what is -11102220 + 120010221?
101201001
In base 7, what is 6231055 + -610?
6230145
In base 6, what is -11544152251 - 4?
-11544152255
In base 15, what is -2e640 + -3?
-2e643
In base 6, what is -344511 + -53?
-345004
In base 12, what is 1b43736 + 38?
1b43772
In base 12, what is 3258b - -12?
325a1
In base 7, what is 2 + 13525142?
13525144
In base 8, what is -3 + 717447514?
717447511
In base 8, what is -50114017 - 0?
-50114017
In base 3, what is 10002110 - -102200111?
112202221
In base 16, what is -d - -38fc5b?
38fc4e
In base 2, what is -100011 - 1101011001101000000?
-1101011001101100011
In base 10, what is -28797676 - -3?
-28797673
In base 8, what is -1601246035 - 4?
-1601246041
In base 9, what is 41 + -428707?
-428656
In base 3, what is -2 + 100022202101210?
100022202101201
In base 11, what is 86 - -117470?
117546
In base 11, what is 1359323 - -6?
1359329
In base 4, what is -22 + 203230322312?
203230322230
In base 8, what is -4303373 - -71?
-4303302
In base 7, what is -44630 + -1142?
-46102
In base 13, what is b7 + -9c909?
-9c822
In base 6, what is 10413 - 142013?
-131200
In base 16, what is 4d050 + -2?
4d04e
In base 16, what is 0 + 1010c22?
1010c22
In base 7, what is -311353 + 56?
-311264
In base 11, what is 0 - -4285a?
4285a
In base 5, what is 0 - 14041032023?
-14041032023
In base 7, what is 555642 + 241?
556213
In base 12, what is -5a52676b + -10?
-5a52677b
In base 12, what is -54 - 4775013?
-4775067
In base 11, what is 1841a9 - 155?
184054
In base 2, what is -1011 + 1000111000111010111111?
1000111000111010110100
In base 12, what is 2789 - -2bb25?
326b2
In base 14, what is -2 + -6d56ad6?
-6d56ad8
In base 5, what is -21013300420 + 3?
-21013300412
In base 8, what is -2 + 200166106?
200166104
In base 15, what is 359e - -386?
3935
In base 3, what is -12 + -102201112011102?
-102201112011121
In base 13, what is 27c604 - -7b1?
2800b5
In base 13, what is 44b + -2265?
-1b17
In base 5, what is 1432200242204 - 2?
1432200242202
In base 2, what is 1 - 10010100111010001001101?
-10010100111010001001100
In base 11, what is 1219 + -18a8a4?
-189686
In base 11, what is -4 - 9414224?
-9414228
In base 13, what is 9510bb - -14?
951102
In base 14, what is -17676 - d97?
-1862d
In base 4, what is -11010002111220 + 2?
-11010002111212
In base 8, what is -13413 + -2142?
-15555
In base 9, what is 6560262 - -100?
6560362
In base 7, what is -1 - 1462223330?
-1462223331
In base 4, what is 3 + 132203113233?
132203113302
In base 11, what is -17 - 28666937?
-28666953
In base 9, what is 5414 + -32457?
-26043
In base 16, what is -697414 - -19?
-6973fb
In base 4, what is 2 + -20220013122?
-20220013120
In base 4, what is 1123 - 203020?
-201231
In base 3, what is 20012020011020010 + 0?
20012020011020010
In base 10, what is 4193 - -160733?
164926
In base 11, what is -325625 - 31?
-325656
In base 16, what is 2 - -7b3cd2d?
7b3cd2f
In base 13, what is -3495 - 2362?
-5827
In base 12, what is -12 + -995551?
-995563
In base 4, what is -111031 - -220330232?
220213201
In base 11, what is a377a - -195?
a3964
In base 6, what is 142250 + 13?
142303
In base 6, what is 11 + -12055?
-12044
In base 7, what is 1321 - 101306?
-66655
In base 2, what is -101111 - -10100101011110010011?
10100101011101100100
In base 15, what is -30a0 - 3d8?
-3488
In base 10, what is 0 - -46080417?
46080417
In base 8, what is -15350 + -1432?
-17002
In base 3, what is 1101112122122 + -22?
1101112122100
In base 10, what is -24 + -12639793?
-12639817
In base 10, what is -3663544 + 48?
-3663496
In base 2, what is -10010 + 1000100001111100001101010?
1000100001111100001011000
In base 6, what is -3315 + -1531?
-5250
In base 4, what is -2103100333212 + -11?
-2103100333223
In base 12, what is -a936993 + -5?
-a936998
In base 15, what is 1e80859a + 1?
1e80859b
In base 8, what is -1 + 16702465?
16702464
In base 8, what is -4 + -71566022?
-71566026
In base 6, what is -1311151 + 20043?
-1251104
In base 4, what is 2 - 12230323001?
-12230322333
In base 12, what is 147 - -76467?
765b2
In base 7, what is 5 + -2141621